

{"version":"1.0","provider_name":"BLOG RUCAB","provider_url":"https:\/\/residenciarucab.es\/blog","author_name":"RUCAB","author_url":"https:\/\/residenciarucab.es\/blog\/author\/rucab_blog\/","title":"Caf\u00e9 - tertulia con Francisco Rubio ex presidente del comit\u00e9 de competici\u00f3n de RFEF - BLOG RUCAB","type":"rich","width":600,"height":338,"html":"<blockquote class=\"wp-embedded-content\" data-secret=\"iAwZkd8IB7\"><a href=\"https:\/\/residenciarucab.es\/blog\/francisco-rubio\/\">Caf\u00e9 &#8211; tertulia con Francisco Rubio ex presidente del comit\u00e9 de competici\u00f3n de RFEF<\/a><\/blockquote><iframe sandbox=\"allow-scripts\" security=\"restricted\" src=\"https:\/\/residenciarucab.es\/blog\/francisco-rubio\/embed\/#?secret=iAwZkd8IB7\" width=\"600\" height=\"338\" title=\"\u00abCaf\u00e9 &#8211; tertulia con Francisco Rubio ex presidente del comit\u00e9 de competici\u00f3n de RFEF\u00bb \u2014 BLOG RUCAB\" data-secret=\"iAwZkd8IB7\" frameborder=\"0\" marginwidth=\"0\" marginheight=\"0\" scrolling=\"no\" class=\"wp-embedded-content\"><\/iframe><script type=\"text\/javascript\">\n\/* <![CDATA[ *\/\n\/*! This file is auto-generated *\/\n!function(d,l){\"use strict\";l.querySelector&&d.addEventListener&&\"undefined\"!=typeof URL&&(d.wp=d.wp||{},d.wp.receiveEmbedMessage||(d.wp.receiveEmbedMessage=function(e){var t=e.data;if((t||t.secret||t.message||t.value)&&!\/[^a-zA-Z0-9]\/.test(t.secret)){for(var s,r,n,a=l.querySelectorAll('iframe[data-secret=\"'+t.secret+'\"]'),o=l.querySelectorAll('blockquote[data-secret=\"'+t.secret+'\"]'),c=new RegExp(\"^https?:$\",\"i\"),i=0;i<o.length;i++)o[i].style.display=\"none\";for(i=0;i<a.length;i++)s=a[i],e.source===s.contentWindow&&(s.removeAttribute(\"style\"),\"height\"===t.message?(1e3<(r=parseInt(t.value,10))?r=1e3:~~r<200&&(r=200),s.height=r):\"link\"===t.message&&(r=new URL(s.getAttribute(\"src\")),n=new URL(t.value),c.test(n.protocol))&&n.host===r.host&&l.activeElement===s&&(d.top.location.href=t.value))}},d.addEventListener(\"message\",d.wp.receiveEmbedMessage,!1),l.addEventListener(\"DOMContentLoaded\",function(){for(var e,t,s=l.querySelectorAll(\"iframe.wp-embedded-content\"),r=0;r<s.length;r++)(t=(e=s[r]).getAttribute(\"data-secret\"))||(t=Math.random().toString(36).substring(2,12),e.src+=\"#?secret=\"+t,e.setAttribute(\"data-secret\",t)),e.contentWindow.postMessage({message:\"ready\",secret:t},\"*\")},!1)))}(window,document);\n\/\/# sourceURL=https:\/\/residenciarucab.es\/blog\/wp-includes\/js\/wp-embed.min.js\n\/* ]]> *\/\n<\/script>\n","thumbnail_url":"https:\/\/residenciarucab.es\/blog\/wp-content\/uploads\/2019\/11\/cafe-tertulia-francisco-rubio.jpg","thumbnail_width":1280,"thumbnail_height":720,"description":"Tertulia en la RUCAB con Francisco Rubio S\u00e1nchez, mediador del TAS, experto en derecho del deporte, ex presidente del Comit\u00e9 de Competici\u00f3n de la RFEF, ex presidente de la Junta electoral de la RFEF, profesor de la Uex. A la tertulia asistieron, adem\u00e1s de un grupo de residentes, el vicepresidente..."}

Café - tertulia con Francisco Rubio ex presidente del comité de competición de RFEF - BLOG RUCAB

<blockquote class="wp-embedded-content" data-secret="iAwZkd8IB7"><a href="https://residenciarucab.es/blog/francisco-rubio/">Café &#8211; tertulia con Francisco Rubio ex presidente del comité de competición de RFEF</a></blockquote><iframe sandbox="allow-scripts" security="restricted" src="https://residenciarucab.es/blog/francisco-rubio/embed/#?secret=iAwZkd8IB7" width="600" height="338" title="«Café &#8211; tertulia con Francisco Rubio ex presidente del comité de competición de RFEF» — BLOG RUCAB" data-secret="iAwZkd8IB7" frameborder="0" marginwidth="0" marginheight="0" scrolling="no" class="wp-embedded-content"></iframe><script type="text/javascript">
/* <![CDATA[ */
/*! This file is auto-generated */
!function(d,l){"use strict";l.querySelector&&d.addEventListener&&"undefined"!=typeof URL&&(d.wp=d.wp||{},d.wp.receiveEmbedMessage||(d.wp.receiveEmbedMessage=function(e){var t=e.data;if((t||t.secret||t.message||t.value)&&!/[^a-zA-Z0-9]/.test(t.secret)){for(var s,r,n,a=l.querySelectorAll('iframe[data-secret="'+t.secret+'"]'),o=l.querySelectorAll('blockquote[data-secret="'+t.secret+'"]'),c=new RegExp("^https?:$","i"),i=0;i<o.length;i++)o[i].style.display="none";for(i=0;i<a.length;i++)s=a[i],e.source===s.contentWindow&&(s.removeAttribute("style"),"height"===t.message?(1e3<(r=parseInt(t.value,10))?r=1e3:~~r<200&&(r=200),s.height=r):"link"===t.message&&(r=new URL(s.getAttribute("src")),n=new URL(t.value),c.test(n.protocol))&&n.host===r.host&&l.activeElement===s&&(d.top.location.href=t.value))}},d.addEventListener("message",d.wp.receiveEmbedMessage,!1),l.addEventListener("DOMContentLoaded",function(){for(var e,t,s=l.querySelectorAll("iframe.wp-embedded-content"),r=0;r<s.length;r++)(t=(e=s[r]).getAttribute("data-secret"))||(t=Math.random().toString(36).substring(2,12),e.src+="#?secret="+t,e.setAttribute("data-secret",t)),e.contentWindow.postMessage({message:"ready",secret:t},"*")},!1)))}(window,document);
//# sourceURL=https://residenciarucab.es/blog/wp-includes/js/wp-embed.min.js
/* ]]> */
</script>

Tertulia en la RUCAB con Francisco Rubio Sánchez, mediador del TAS, experto en derecho del deporte, ex presidente del Comité de Competición de la RFEF, ex presidente de la Junta electoral de la RFEF, profesor de la Uex. A la tertulia asistieron, además de un grupo de residentes, el vicepresidente...
